te the highest common factor of 22 and 275.
11
Calculate the highest common factor of 608 and 266.
38
What is the greatest common divisor of 714 and 798?
42
Calculate the highest common divisor of 2652 and 13.
13
What is the greatest common factor of 8567 and 65?
13
What is the highest common factor of 256 and 46336?
256
What is the highest common divisor of 6467 and 29?
29
Calculate the greatest common factor of 88 and 4664.
88
What is the greatest common factor of 8 and 1588?
4
What is the highest common divisor of 6780 and 48?
12
What is the greatest common divisor of 1211 and 7?
7
Calculate the highest common factor of 24 and 1176.
24
Calculate the highest common divisor of 50 and 3900.
50
Calculate the greatest common factor of 54 and 109350.
54
What is the highest common divisor of 5736 and 120?
24
What is the greatest common divisor of 47 and 1?
1
What is the highest common factor of 4832 and 32?
32
Calculate the greatest common factor of 352 and 1584.
176
What is the highest common divisor of 186 and 15593?
31
What is the greatest common divisor of 1323 and 27?
27
What is the greatest common divisor of 10950 and 150?
150
Calculate the highest common divisor of 329 and 752.
47
What is the greatest common factor of 272 and 1853?
17
Calculate the highest common factor of 21788 and 52.
52
What is the highest common factor of 960 and 128?
64
Calculate the greatest common divisor of 1085 and 42.
7
Calculate the greatest common divisor of 6 and 10518.
6
What is the greatest common factor of 384 and 64?
64
What is the greatest common divisor of 55 and 22?
11
What is the greatest common factor of 15 and 45?
15
What is the highest common factor of 56 and 40?
8
What is the greatest common divisor of 1155 and 70?
35
Calculate the highest common divisor of 86122 and 298.
298
Calculate the greatest common divisor of 228 and 96.
12
Calculate the greatest common divisor of 26 and 403.
13
What is the greatest common factor of 2410 and 30?
10
Calculate the greatest common divisor of 841 and 116.
29
Calculate the greatest common divisor of 4907 and 56.
7
What is the highest common divisor of 73 and 91907?
73
What is the highest common factor of 104 and 24?
8
Calculate the highest common factor of 191 and 45840.
191
What is the greatest common factor of 65 and 195?
65
What is the highest common factor of 147 and 42?
21
What is the highest common factor of 82 and 10?
2
Calculate the greatest common divisor of 33112 and 8.
8
What is the highest common factor of 10038 and 210?
42
What is the highest common factor of 400 and 64?
16
Calculate the highest common divisor of 3 and 87.
3
What is the highest common divisor of 48 and 1296?
48
Calculate the highest common factor of 28 and 3990.
14
Calculate the greatest common divisor of 118 and 2.
2
What is the greatest common divisor of 4715 and 1435?
205
What is the highest common factor of 235 and 470?
235
Calculate the greatest common divisor of 1214 and 2.
2
Calculate the greatest common factor of 16 and 36.
4
What is the highest common factor of 30 and 160?
10
What is the highest common factor of 9 and 375?
3
What is the highest common factor of 5253 and 412?
103
Calculate the highest common factor of 105 and 13125.
105
What is the highest common divisor of 6106 and 284?
142
What is the greatest common factor of 96049 and 139?
139
What is the highest common factor of 30 and 1230?
30
What is the greatest common divisor of 200 and 225?
25
Calculate the greatest common divisor of 348 and 4611.
87
Calculate the highest common factor of 4310 and 50.
10
What is the highest common divisor of 222 and 7252?
74
Calculate the highest common factor of 2000 and 16.
16
Calculate the highest common factor of 348 and 12.
12
What is the greatest common divisor of 240 and 144?
48
Calculate the greatest common divisor of 65 and 15.
5
Calculate the highest common divisor of 28 and 56.
28
Calculate the greatest common divisor of 100 and 2825.
25
What is the highest common divisor of 104 and 32?
8
What is the highest common divisor of 209 and 19?
19
What is the highest common factor of 162 and 4779?
81
What is the highest common divisor of 34383 and 219?
219
What is the highest common factor of 264 and 132?
132
What is the highest common divisor of 24 and 2004?
12
Calculate the highest common divisor of 275 and 11.
11
What is the greatest common factor of 26222 and 14?
14
What is the highest common factor of 1528 and 16?
8
Calculate the greatest common divisor of 4352 and 17.
17
What is the highest common factor of 160 and 20?
20
What is the highest common factor of 918 and 6732?
306
Calculate the highest common factor of 52 and 26.
26
What is the highest common divisor of 108 and 672?
12
What is the greatest common divisor of 15 and 2060?
5
Calculate the highest common factor of 736 and 69.
23
Calculate the highest common factor of 2472 and 16.
8
Calculate the highest common divisor of 10 and 45.
5
What is the highest common factor of 230 and 125?
5
What is the greatest common factor of 65 and 25?
5
What is the highest common divisor of 2627 and 999?
37
What is the greatest common factor of 3 and 7689?
3
Calculate the greatest common factor of 392 and 1078.
98
Calculate the highest common divisor of 104 and 65.
13
What is the highest common divisor of 1073 and 58?
29
What is the greatest common factor of 4312 and 343?
49
What is the highest common divisor of 112 and 35?
7
Calculate the highest common divisor of 16165 and 122.
61
What is the highest common factor of 205 and 4551?
41
Calculate the highest common divisor of 1554 and 30.
6
What is the greatest common divisor of 24 and 32?
8
Calculate the highest common factor of 25480 and 784.
392
What is the highest common divisor of 330 and 75?
15
What is the greatest common factor of 90 and 690?
30
Calculate the highest common divisor of 7430 and 30.
10
Calculate the greatest common factor of 2561 and 65.
13
What is the greatest common factor of 5 and 10655?
5
What is the greatest common divisor of 19 and 2280?
19
Calculate the greatest common factor of 1659 and 14.
7
What is the highest common factor of 115 and 161?
23
What is the highest common factor of 5 and 81?
1
Calculate the greatest common factor of 132 and 77.
11
What is the greatest common divisor of 11 and 55?
11
Calculate the highest common factor of 714 and 168.
42
What is the greatest common divisor of 10296 and 88?
88
Calculate the greatest common divisor of 24 and 176.
8
Calculate the greatest common factor of 3053 and 1136.
71
Calculate the highest common factor of 17 and 68.
17
What is the greatest common divisor of 7 and 1631?
7
Calculate the highest common divisor of 1125 and 15.
15
What is the greatest common divisor of 22 and 352?
22
Calculate the highest common factor of 232 and 24.
8
What is the highest common divisor of 20 and 5220?
20
What is the highest common divisor of 275 and 3425?
25
Calculate the greatest common divisor of 20820 and 60.
60
What is the greatest common factor of 1371 and 3?
3
What is the highest common factor of 60 and 330?
30
Calculate the highest common factor of 1575 and 1197.
63
What is the highest common factor of 238 and 4641?
119
Calculate the highest common factor of 143 and 33.
11
Calculate the greatest common factor of 172 and 43.
43
Calculate the highest common factor of 615 and 30.
15
What is the highest common factor of 333 and 1800?
9
Calculate the highest common divisor of 72 and 984.
24
What is the greatest common factor of 2212 and 28?
28
Calculate the greatest common factor of 99 and 561.
33
Calculate the highest common divisor of 9 and 531.
9
What is the greatest common factor of 310 and 62?
62
Calculate the highest common factor of 1479 and 459.
51
What is the greatest common factor of 153 and 476?
17
What is the highest common factor of 14 and 1792?
14
What is the highest common factor of 680 and 40?
40
What is the highest common factor of 15 and 9140?
5
Calculate the greatest common factor of 14 and 13223.
7
What is the greatest common factor of 24 and 1272?
24
What is the highest common divisor of 4144 and 224?
112
What is the highest common divisor of 45 and 525?
15
Calculate the greatest common factor of 1955 and 460.
115
Calculate the highest common facto